Suppose 2*d = t + 65, 100 = 5*d + 3*t - 57. What is the remainder when d is divided by l(-1)?
15
Suppose 50 = 6*n - n. Suppose n*p + 11 = 11*p. Calculate the remainder when p is divided by 6.
5
What is the remainder when 44/(-6)*(-5 - -2) is divided by 12?
10
Let o(z) = -3*z - 23. Suppose -5*b = -3*b + 2. Let a = 2 + b. Calculate the remainder when a is divided by o(-8).
0
Suppose 3 + 3 = -2*o + 5*j, 3*o + 2*j = 29. Suppose 2*c - 5 - 5 = 0. Calculate the remainder when o is divided by c.
2
Suppose 0*o = -4*o + 416. Calculate the remainder when (-1)/(o/(-102) - -1) is divided by 26.
25
Let a be 4/(-2)*(6 + -4). Let i(y) be the first derivative of -y**2/2 - 1. What is the remainder when 10 is divided by i(a)?
2
Suppose 5*t = -0*t + 80. Calculate the remainder when t is divided by 7.
2
What is the remainder when 552/7 - 11/(-77) is divided by 27?
25
Suppose 0 = 5*y + 4*x - 81 - 67, 0 = 2*y + 4*x - 52. What is the remainder when y is divided by 9?
5
Let a(q) = -q**2 - q + 1. Let o(f) = 0*f - 7*f - 5*f - f**2 + 4 + f**3 + 7*f. Let n(u) = 3*a(u) + o(u). Calculate the remainder when n(6) is divided by 8.
7
Let l be (-12)/30*(-10 - 0). Suppose -2*w - l*x = -12, 3*w - 8 = -3*x + 2*x. Suppose -w*s + 6 = -4. Calculate the remainder when 13 is divided by s.
3
Let h = 60 + -107. Let u = -167 - -85. Let p = h - u. What is the remainder when p is divided by 12?
11
Let b(g) = g**2 - 3*g + 19. Let j = 7 + -2. What is the remainder when b(0) is divided by j?
4
Let c = 1 - -4. Let n = -2 + c. What is the remainder when 4 is divided by n?
1
Let s(u) = u**2 + 11*u - 4. Let w be s(-12). Suppose w = 3*b - 25. Calculate the remainder when b is divided by (1/(-2) - 1)*-4.
5
Let w(d) = 47*d - 23. Calculate the remainder when w(2) is divided by 18.
17
Calculate the remainder when (189/36)/(1/12) is divided by 8.
7
Let x(c) = c + 7. What is the remainder when x(14) is divided by ((-12)/(-9))/(2/9)?
3
Let n(t) = -t**3 - 11*t**2 + 11*t - 4. Suppose -u + 66 = 2*u. What is the remainder when u is divided by n(-12)?
6
Calculate the remainder when (5/((-75)/144))/(4/(-30)) is divided by 19.
15
Let f(c) = -c + 4. Let z be f(-4). Suppose -3*w + 4*v = -45, -w + z = -3*v - 12. What is the remainder when w is divided by 6?
5
Let y(f) = f**2 - 3*f + 7. Let m be y(5). Suppose -4 + m = j. Calculate the remainder when j is divided by 8.
5
Suppose -3*b = -y + 3*y - 78, -2*y + 126 = 5*b. Suppose s + 2 = -4*o, -s - b = -4*s + 3*o. What is the remainder when 22 is divided by s?
4
Suppose -2*j + 3*o + 193 - 50 = 0, 4*o = 5*j - 347. What is the remainder when j is divided by 14?
11
Let q = -22 - -52. Let l be q/(-8) + 1/(-4). Calculate the remainder when 1/l + 162/8 is divided by 11.
9
Let y(c) = c**3 + 6*c**2 + 3*c - 5. Calculate the remainder when 55 is divided by y(-4).
10
Let j be 459/12 - 3/12. Let a = -4 + j. Calculate the remainder when a is divided by 12.
10
Suppose -14 = 5*h - 54. Suppose -3*v = -10 - 74. Calculate the remainder when v is divided by 2/h - 118/(-8).
13
Let n(p) = 19*p - 1. Let j be n(1). Suppose -t = -3*t + j. Suppose -o + 2*v = -1, -4*o = o - 4*v - 17. Calculate the remainder when t is divided by o.
4
Let f(s) = 13*s - 5. Let i be 0/(-1) + (-96)/(-16). Calculate the remainder when f(i) is divided by 19.
16
Suppose -8*d = -0*d - 264. Calculate the remainder when d is divided by 7.
5
Suppose 8*s = 3*s + 10. Suppose s*m = 5*j + 2 + 82, -2*m + 78 = -2*j. Calculate the remainder when m is divided by 13.
11
Suppose 2*w - 135 = -3*w. Let r = w - 18. Suppose 5*s = 2*x + 169, 2*s + 58 = 4*s + 4*x. What is the remainder when s is divided by r?
6
Suppose -5*a = -5 - 10. Suppose -5*i - 23 = -2*q, i = 2*q + a*i - 2. Calculate the remainder when q is divided by 2.
0
What is the remainder when (-2)/6*(-50 - 1) is divided by 102/21 + 8/56?
2
Suppose -6*z - 2*z + 136 = 0. Calculate the remainder when 48 is divided by z.
14
Let z(p) = p**2 + 5*p. Let l be z(-3). Suppose 32 = 4*t - 0*t. What is the remainder when ((-88)/12)/(2/l) is divided by t?
6
Suppose -5*o = -3*o - 4. What is the remainder when 3 is divided by o?
1
Suppose -2*x - i - 2 = 0, 3*i - 9 + 1 = x. What is the remainder when -2*(-9 - (-1 - x)) is divided by 11?
9
Suppose -3*h + 7*h = -24. Let f(d) = -d + 2. What is the remainder when (-4 - -29 - 2)/1 is divided by f(h)?
7
Let l(p) = -4*p - 3. Let o be l(-2). Let h = o - -12. Suppose -5*f - 40 = -5*g, -4*f + 57 = 4*g + h. Calculate the remainder when g is divided by 5.
4
Let h(v) = 14*v - 27. Calculate the remainder when h(8) is divided by 43.
42
Let m(h) = -2*h - 3*h + 0*h - 13 + h**2 + 3*h. What is the remainder when m(-6) is divided by 9?
8
Let i(g) = 2*g**2 + 4*g. Calculate the remainder when i(5) is divided by 12.
10
Let o = -36 - -64. What is the remainder when o is divided by 17?
11
Suppose -3*q = -2*q - 5, -4*n + 192 = -4*q. Calculate the remainder when n is divided by 8.
5
Suppose -39 - 153 = -8*r. Calculate the remainder when r is divided by 15.
9
Suppose -4*y - y + 20 = 0. What is the remainder when (-11)/((5 + -4)/(-1)) is divided by y?
3
Suppose 0 = -15*r + 19*r - 48. Calculate the remainder when r is divided by 3.
0
Let h(j) = -j**3 - 6*j**2 - 8*j - 4. Calculate the remainder when 16 is divided by h(-5).
5
Let g = 9 + -7. Suppose 20 = g*s - 0*s. What is the remainder when s is divided by 6?
4
Let r = -36 - -138. Suppose -r = -3*m + 3. What is the remainder when m is divided by 12?
11
Suppose -3*j = -4*d + 24, -3*j + 2 + 4 = d. Let w = 26 - 2. Calculate the remainder when d is divided by (-3)/(-12) + 66/w.
0
Let b = 109 + -45. Let k = -39 + b. What is the remainder when k is divided by 9?
7
Suppose 0 + 2 = -2*t. What is the remainder when 50 is divided by (0 - t - -1) + 11?
11
Let o(g) = -g**3 + g**2 - g - 4. Let k be o(0). Let v = 6 - k. Suppose 3 = 5*d - 12. Calculate the remainder when v is divided by d.
1
Calculate the remainder when 97 is divided by (0 - -13) + 3 + -2.
13
Suppose 3*w - 2*a + 146 = 0, 3*w - 5*a - 79 = -237. Let p = -20 - w. What is the remainder when p is divided by 4/10 + 204/15?
12
Let u(l) = l**3 - 7*l**2 + 3*l - 9. Suppose -28 = -6*b + 2*b. Suppose 4*g + 4*p = -g + 111, -g + 24 = -p. Calculate the remainder when g is divided by u(b).
11
Let v(c) = c**2 - 9*c + 10. Let n be v(8). Suppose 0 = n*f - 9 - 13. Calculate the remainder when 30 is divided by f.
8
Let n be (-142)/(-7) - 4/14. Calculate the remainder when 6 is divided by n/6 + 4/6.
2
Let k = 47 - 15. Suppose 3*j + 4*j - 77 = 0. Calculate the remainder when k is divided by j.
10
Suppose -3*a = -3*f - a + 111, 12 = -4*a. What is the remainder when 102 is divided by f?
32
Let v = -13 - -25. Suppose -2*m = -m - 26. Let y = m - v. Calculate the remainder when y is divided by 8.
6
Suppose -63 = -4*c - 5*y, 33 = 2*c + 5*y - 6. Calculate the remainder when 2/6 + 141/9 is divided by c/(-14)*(-2 - 5).
4
Let x be ((-2)/(-5))/((-3)/(-45)). Let l = x + -3. Let h(t) = 3*t + 2. What is the remainder when h(l) is divided by 7?
4
Let t be 8/5 + 2/5. Suppose 5*u - 1 - t = r, -u = 4*r + 12. Suppose u*h = -2*h + 56. Calculate the remainder when h is divided by 15.
13
What is the remainder when 30 is divided by (-15)/(-10) + 58/4 + 0?
14
Suppose 15*l - 9*l = 138. Let r = -37 - -126. Calculate the remainder when r is divided by l.
20
Let y = 19 + 3. What is the remainder when 65 is divided by y?
21
Let b(x) = x**2 + 16*x + 23. What is the remainder when b(-17) is divided by 21?
19
Let n = 128 + -59. What is the remainder when n is divided by 18?
15
Suppose -4*r + 0*r + 29 = -5*a, -5*a - 35 = -5*r. What is the remainder when r is divided by 5?
1
Suppose -25 = 3*z - 151. Calculate the remainder when z is divided by 12.
6
Let m(x) be the first derivative of 2*x**3/3 + 5*x**2/2 + 4*x - 1. What is the remainder when 19 is divided by m(-3)?
5
Suppose -19 = 2*a + m, 6*a + 3*m = 3*a - 21. What is the remainder when 148/6*a/(-8) is divided by 174/9 + (-1)/3?
18
Let l(q) be the first derivative of q**3/3 + 5*q**2/2 - 7*q + 2. What is the remainder when 13 is divided by l(-7)?
6
Let c = 10 - 11. Calculate the remainder when ((-3)/(-12))/(c/(-52)) is divided by 7.
6
Let c = 7 - 3. Let n(j) = 3*j - 1. Let b = -18 + 49. Calculate the remainder when b is divided by n(c).
9
Suppose 0 = 4*f - 9 - 23. Let k = -4 